 List the prime factors of a(o).
2, 43
Let o(q) = -2*q**3 - 16*q**2 - q - 9. Let y be o(-8). What are the prime factors of (-851 + -4)/(-3) + 3 + y?
7, 41
Suppose 5*d = -2*c - 19, -5*c = -d - 2*c + 3. Let o(v) = 10*v**2 + v + 6. List the prime factors of o(d).
3, 31
Let g(k) = k**2 - 14 - 3*k**2 + 14*k + 2*k. Let x be g(10). Let z = 77 + x. List the prime factors of z.
23
Suppose 27*q = 14*q + 7852. List the prime factors of q.
2, 151
Let j(s) = -5*s - 49. Let v(u) = u + 12. Let r(z) = 2*j(z) + 9*v(z). Let w(h) = -h**2 - 6*h. Let b be w(-7). What are the prime factors of r(b)?
17
Suppose l = k - l - 68, -5*k = 3*l - 288. What are the prime factors of k?
2, 3, 5
Suppose 0 = -6*p + 10948 + 13994. List the prime factors of p.
4157
Suppose -3*l - 3*d + 1 = 2*d, d = -4*l + 24. What are the prime factors of 223/l - 1/(-7)?
2
Suppose -2*i + 14 = -4*x, -3*i + 5*x + 6 = 4*x. Let h(t) be the third derivative of 7*t**6/120 + t**3/6 + t**2. What are the prime factors of h(i)?
2
Let y(p) = 2*p**2 + 12*p - 17. Suppose -3*b = -51 + 21. List the prime factors of y(b).
3, 101
Let j(u) be the third derivative of -u**6/24 + u**5/20 + u**4/24 - 28*u**2. What are the prime factors of j(-2)?
2, 5
Let m = 560 - -265. List the prime factors of m.
3, 5, 11
Let i = 34 + -32. What are the prime factors of (i/(24/(-57)))/((-1)/12)?
3, 19
Let x(h) = 11*h + 59. Let j be x(-5). Suppose 0 = j*u - 2*u - 3*v - 477, 0 = -5*u - 2*v + 1183. What are the prime factors of u?
3, 79
Let j = 383 - -732. What are the prime factors of j?
5, 223
What are the prime factors of 31*((-16 - -21) + 14/1)?
19, 31
Let l(w) = 6*w**2 + 7*w + 6. Let f be l(-1). List the prime factors of f - 9 - (0 + -138).
2, 67
Suppose -3*o + 668 = -4*a - 3192, 4*o + 5*a = 5095. List the prime factors of o.
2, 5
Let g(v) = v + 1659 - 1663 - v + 7*v**2. List the prime factors of g(-3).
59
Let h(i) = -18*i - 6. Let o be h(12). List the prime factors of (3 - 2)/((2/o)/(-1)).
3, 37
Let q(u) = 2*u + 9. Let b be q(0). Suppose 2*c + 3*y = c + 87, -3*y + b = 0. What are the prime factors of c?
2, 3, 13
Let s = 3370 - 2255. List the prime factors of s.
5, 223
Suppose 0*t + 3*n + 971 = 2*t, 3*t = -5*n + 1409. List the prime factors of t.
2, 239
Suppose -115*h + 111*h = -364. Suppose -763 = -4*a - h. List the prime factors of a.
2, 3, 7
Suppose 3*j = 1 - 10. Let k(g) be the first derivative of g**4/4 + 5*g**3/3 + 2*g**2 + 4*g - 2. List the prime factors of k(j).
2, 5
Suppose -3*c = 3*o - 1983, 5*c - 2479 = -4*o + 167. List the prime factors of o.
659
Let r = -36 + 36. Suppose -4*k + 3*k - 31 = -2*y, r = y + 4*k + 7. List the prime factors of y.
13
Let k be 25/15*18/15. What are the prime factors of -5*k/(-30)*36?
2, 3
Suppose 78*j + 3759 = 85*j. List the prime factors of j.
3, 179
Let v = 248 - 119. Let p = v + -26. What are the prime factors of p?
103
Let m(b) = 10*b**3 - 2*b**3 + 8 - 9*b**2 - 16*b - 7*b**3. List the prime factors of m(11).
2, 37
Suppose 5*g - 35 = -0*g. Let y = 21 + g. What are the prime factors of y?
2, 7
Let h(n) = -n**3 - 7*n**2 + 40*n + 46. List the prime factors of h(-13).
2, 3, 5
Let a(g) = -5*g**3 - 14*g**2 - 2*g + 15. Let p(y) = y**3 + y**2 - y - 1. Let q(x) = a(x) + 4*p(x). Let n be q(-9). Let j = -6 - n. List the prime factors of j.
2, 5
List the prime factors of 2/13 - ((-329164)/143 + 12).
2, 5, 229
Let g(m) = m**3 - 24*m**2 + m - 20. Let s be g(24). Suppose 3*v - 5*z + 6*z - 122 = 0, -3*v + s*z + 142 = 0. List the prime factors of v.
2, 3, 7
Let l(z) = 5 - 2*z**3 + 25*z - 13*z**2 + 31*z**2 + 3*z**3. List the prime factors of l(-16).
3, 13
Let f(p) = 135*p - 162. What are the prime factors of f(16)?
2, 3, 37
Suppose 440*c + 24000 = 448*c. List the prime factors of c.
2, 3, 5
Let i(p) be the third derivative of 13*p**5/60 - p**4/24 + p**3/6 - 9*p**2. Let t be i(2). Suppose -t = -3*x - 0*x. What are the prime factors of x?
17
Suppose 0 = 3*j + 4*j - 16478. List the prime factors of j.
2, 11, 107
Let p(v) = 19*v - 35. Let i be p(3). Let w = 4 - 1. Suppose -4*h = -m + w*m - 74, h - 3*m = i. What are the prime factors of h?
19
Let y(d) = d + 1. Let v(m) = 14*m - 8. Let c(b) = -v(b) + 12*y(b). What are the prime factors of c(-6)?
2
Suppose 8 = 4*h - 4*o, -3*h - 3*o + 6 = -0*h. List the prime factors of -35*(-4 + h) - 3.
67
Let f(k) = -7 + 3 + 87*k + 21*k. What are the prime factors of f(2)?
2, 53
Suppose -2*l = 4*y - 734, -y + 5*l + 182 = 4*l. List the prime factors of y.
3, 61
Suppose -2*y = -3*s + 3*y + 59, -5*s + 3*y + 93 = 0. List the prime factors of (-120)/45*s/(-4).
2, 3
Let a(t) be the third derivative of t**4/24 + 3*t**3 - 7*t**2. What are the prime factors of a(-11)?
7
Suppose 0 = 2*a + a - 9. Suppose 0 = -9*z + 6*z + 24. Let q = z + a. What are the prime factors of q?
11
Let u be (-18)/(-4)*144/54. Let r(g) = -g**2 + 11*g + 17. Let m be r(u). Suppose m*o - 51 = 2*o. What are the prime factors of o?
17
Suppose 5*l - 11866 = -o, 5*o - 11850 = -5*l - 0*o. What are the prime factors of l?
2, 1187
Let u(b) = -122*b**3 + 5*b**2 + 4*b + 8. What are the prime factors of u(-2)?
2, 3, 83
What are the prime factors of (201/2)/((-336)/(-9856))?
2, 11, 67
Let g = -1047 - -1520. List the prime factors of g.
11, 43
Suppose -8*z + 10070 = 2*z. List the prime factors of z.
19, 53
Suppose 4*x = -x + v + 921, -2*x = 5*v - 390. List the prime factors of x.
5, 37
Let k(o) = 2*o**2 + 14*o - 22. List the prime factors of k(-12).
2, 7
Let p(k) = -k**3 - 8*k**2 - 8*k - 5. Let a be p(-7). Suppose -a*z + 6 = -6. Suppose 2*c = z*c - 140. List the prime factors of c.
5, 7
Let w = 1608 + -901. What are the prime factors of w?
7, 101
Suppose 0 = -247*t + 242*t. Let f = 0 - 4. What are the prime factors of f + t + (5 - -31)?
2
Let s(l) = -14 + 4 - 2*l + 5*l. What are the prime factors of s(14)?
2
Let f = -1 - -3. Let a(w) = 4 + w**2 + 0*w**f - 4. What are the prime factors of a(-4)?
2
Let o = -7 - -12. Suppose 4*j = o*i + 315, -4*j + i + 157 = -146. What are the prime factors of j?
3, 5
Let m(h) = 122 - 4*h**2 + 579*h + 5*h**2 - 576*h. List the prime factors of m(0).
2, 61
Let i be 12/9*-3 + 47. Let l = i + 87. Suppose -3*u - 5*h = -l, u - 5*h = -3*u + 185. What are the prime factors of u?
3, 5
Suppose 0 = -2*n + 3*n - 7. Suppose 347 = n*u + 81. List the prime factors of u.
2, 19
Suppose -150 = -5*h - 5*p + 485, -252 = -2*h - 3*p. Suppose 5*g - 31 = h. List the prime factors of g.
2
What are the prime factors of (-1)/((-55)/24705) - 10/55?
449
Suppose -4*y - 29 = -73. Suppose -s + y = -34. Let q = s - 23. List the prime factors of q.
2, 11
Suppose r + 342 = 5*k, -4*k + 0*k = -2*r - 276. Let z = k + -31. What are the prime factors of z?
37
Let t be (310/(-4) + -4)*-2. Let d = t + -157. What are the prime factors of d?
2, 3
Suppose 4*z + 14 = 3*v - 5, -z = -2*v + 6. Let j be -2 + 1*4/z. Let i = j - -6. List the prime factors of i.
3
Suppose -6*y + 3*h = -5*y - 17, 0 = 3*y + h - 11. Let n be 1 - ((-2 - 9) + 1). Suppose n*r = y*r + 66. List the prime factors of r.
11
Let l = -59 - -78. Suppose -l*y + 2560 = -1677. List the prime factors of y.
223
Let j(h) = -h**3 - 8*h**2 + h - 4. Let t be j(-8). List the prime factors of (3 + 9)*(-69)/t.
3, 23
Suppose -16633 = -16*i + 10455. What are the prime factors of i?
1693
Suppose -5*z = -5*f + 4540, 1931 = 5*f + 2*z - 2588. List the prime factors of f.
5, 181
Suppose 4*f - 5*v = 3624, -4*v + 4835 = 5*f + 346. What are the prime factors of f?
17, 53
Suppose -10*a + 32 = -6*a. What are the prime factors of ((-18)/a)/((-4)/112)?
3, 7
Let l(v) = -85*v - 1. Let j be l(3). Let m = j + 442. What are the prime factors of (4/(-8))/((-3)/m)?
31
Let h(g) = -g**2 - 2*g + 5. Let k be h(-4). Let l(j) = -1 - 4 + 4 - 1 - 9*j. List the prime factors of l(k).
5
Let b(y) = y**3 + 12*y**2 - y - 11. Let h be b(-12). List the prime factors of (50/(-30))/(h*(-1)/69).
5, 23
Let t = -11 - -25. Let v = -428 - -500. Let k = v - t. List the prime factors of k.
2, 29
Let q(m) = -m**2 - 21*m + 23. Let j be q(-22). What are the prime factors of (j/3)/((-1)/(-237))?
79
Let z(g) = 21*g - 24. Let r be z(6). Suppose -8 = 2*n, r + 702 = 4*p - 5*n. Suppose s + 3*s = 4*q + p, 164 = 4*s + 4*q. List the prime factors of s.
3, 5
Let s(a) = a**2 - 8*a - 9. Let c be s(9). Suppose c = -v + 39 - 2. List the prime factors o